n + 2*n - 2*t + 42 = 0. What is the remainder when 24 is divided by n?
4
Let o = 3 - 4. What is the remainder when 37 is divided by ((-39)/(-6))/(o/(-2))?
11
Calculate the remainder when 68 is divided by 142/8 - 9/(-36).
14
Let q(b) = 3*b**2 - 8*b + 7. Calculate the remainder when q(6) is divided by 34.
33
Let h(s) be the third derivative of -1/24*s**4 + 4/3*s**3 + 0*s + 0 + 2*s**2. Calculate the remainder when h(-9) is divided by 6.
5
Let b = -12 - -12. Suppose b = -0*t + 2*t - 82. What is the remainder when t is divided by 4/12 + (-82)/(-6)?
13
Suppose r + 16 = 5*r. Let k(h) = -h**3 + 7*h**2 + 7. What is the remainder when k(7) is divided by r?
3
Suppose -2*j + 9 + 5 = -5*m, 0 = -3*j + 5*m + 21. Suppose 0*v + h = 4*v - 9, -2*v = h - 9. Calculate the remainder when j is divided by v.
1
Suppose 2*x + t - 41 = 27, -31 = -x + t. What is the remainder when 98 is divided by x?
32
Let h = -11 - -5. Let g be 8/h*(-27)/2. Calculate the remainder when 47 is divided by 0 + g + -2*1.
15
Let k = -39 - -57. What is the remainder when 52 is divided by k?
16
Suppose -8 = -4*y, y + 4*y = -2*f + 14. Suppose 6 = -n - f*n. Calculate the remainder when -1 - 2/n*18 is divided by 9.
8
Let b = -5 - -7. What is the remainder when 1*20 + (-2)/b is divided by 23/3 - (-2)/(-3)?
5
Let t(m) = -1 - 5 + 11*m + 19 + m**2. What is the remainder when 99 is divided by t(-12)?
24
Let v = -39 - -68. What is the remainder when v is divided by 136/14 - (-6)/21?
9
Suppose -s = -58 - 31. Calculate the remainder when s is divided by 23.
20
Let t(u) = -u**3 + 5*u**2 + 6*u - 14. Let x = -77 - -53. Let b = x + 38. Calculate the remainder when t(4) is divided by b.
12
Suppose -x - 6*c + c + 41 = 0, x - 25 = 3*c. What is the remainder when x is divided by 18?
13
Let j(p) = -8*p + 9. Calculate the remainder when j(-5) is divided by 10.
9
Let t(f) = -f**3 + f**2 + 196. Let o be t(0). Let a = -115 + o. Suppose 2*d + 74 + 16 = 4*l, 60 = 3*l + d. What is the remainder when a is divided by l?
18
Let q = -6 + 10. Suppose q*r = -r + 40. What is the remainder when 22 is divided by r?
6
Suppose 4*z = 8*z - 4*o, 5*o = -2*z - 28. Let r be 162/4 - (-2)/z. Suppose -r = -6*x + x. What is the remainder when x is divided by 5?
3
Suppose 3*y + 3*x = -18, 5*y + 10 = -x - 0. Let l = y - -6. Calculate the remainder when 13 is divided by l.
3
Calculate the remainder when 4724/16 + 5/(-4) is divided by 27.
24
Suppose 0 = 3*t - 6 - 0. Let l = -2 - 1. Let o = l - -4. What is the remainder when t is divided by o?
0
Suppose p = -5*k + 3*k + 8, -p - 4*k = -2. Let l = 35 - p. What is the remainder when l is divided by 8?
5
What is the remainder when 39 is divided by -4*(-4)/(-24) - 62/(-3)?
19
Suppose 0 = -n + d + 7, 8*n = 5*n - 4*d + 7. Suppose -5*q + 9 = -6. Suppose -1 = -q*l + 5. What is the remainder when n is divided by l?
1
Let a = 57 + -20. What is the remainder when a is divided by (26/4)/(9/18)?
11
Let r(g) = -g**2 - 6*g - 5. Let b be r(-5). Let y = -72 - -112. Suppose 5*l - y - 5 = b. What is the remainder when 25 is divided by l?
7
Suppose -4*m = -7*m + 12. Suppose 0 = -3*p - z + 34, -m*p = -7*z + 5*z - 62. Let w = 55 + -31. What is the remainder when w is divided by p?
11
Suppose -m - 4*m = 0. Suppose -6*c + 42 = -m*c. Let l(g) = -g**2 - 7*g + 6. Calculate the remainder when l(-6) is divided by c.
5
Let a = 59 - 31. Suppose 3*j - 412 + 85 = 0. Calculate the remainder when j is divided by a.
25
Let h(n) = -3*n - 8. Let q(v) = 49*v - 13. Let r be q(-13). Let b be r/70 + 2/7. Calculate the remainder when 55 is divided by h(b).
17
Suppose 4*h - 80 = 2*q, 3*q + 2 = -h + 15. Calculate the remainder when 54 is divided by h.
16
Let u = 210 - 183. Calculate the remainder when 161 is divided by u.
26
Let u(p) = 2*p + 2. Let i be u(-3). Calculate the remainder when 57 - (-3 - (-10)/2) is divided by 6/i*76/(-6).
17
Suppose -72 = -5*l + l. What is the remainder when l is divided by 7?
4
Suppose -4*r + 16 = 4*v, -5*r + 30 = -3*v - 2*v. Calculate the remainder when 7 is divided by r.
2
Let z = 11 + 1. Let i(m) = 3*m + 4. Let t be i(3). Suppose 0 = -5*n - t + 48. What is the remainder when z is divided by n?
5
Let b be ((-15)/4)/(-5)*-8. Let k = b - -17. Suppose 0 = -2*y + 3 + k. Calculate the remainder when 19 is divided by y.
5
Suppose 2 - 178 = -4*m. Let n = 70 - m. Calculate the remainder when n is divided by (2 + -10 + 1)*-2.
12
Let m(j) = j + 22. Let h be ((-48)/9)/(-1)*-3. Calculate the remainder when (-3)/(-3) + 4*2 is divided by m(h).
3
Let x = 7 + -1. Let t(q) = q**2 - 5*q. What is the remainder when 17 is divided by t(x)?
5
Let u = 290 - 187. Calculate the remainder when u is divided by 26.
25
Let m(s) = s**3 - 3*s**2 - 5*s - 3. Calculate the remainder when (128/12 - 5)*15 is divided by m(5).
19
Suppose 0 = 5*w - 3*w + 4. Let y(j) = j**2 + j + 1. Let s be y(2). What is the remainder when 24 is divided by w - -2*s - -1?
11
Calculate the remainder when 84/3 + 3*-1 is divided by 3/12 + 35/4.
7
Let k(y) = -y**3 - 9*y**2 - 7*y + 10. Let j be k(-8). Suppose j = -3*s + 77. Let o = -10 - -19. Calculate the remainder when s is divided by o.
7
Let k = 137 - 88. Let z = 74 - k. Let b = -3 + 12. What is the remainder when z is divided by b?
7
Suppose 5*r = 2*r + 33. Let m = 17 - 13. Calculate the remainder when r is divided by m.
3
Suppose 5*s - 12 = 4*s. Calculate the remainder when 32 is divided by s.
8
Suppose 2*j = -y, -2*y + 3*j = 5*j. Let l = 3 - y. Calculate the remainder when (-1)/(-2)*5*2 is divided by l.
2
Suppose 0 = -2*z + 5*i + 262, z + 3*i - 131 = -i. What is the remainder when z is divided by 34?
29
Let d = -1 + -1. Let q = d + 11. What is the remainder when 34 is divided by q?
7
Let t = -15 + 35. Let a be (-6)/((-3)/t - 0). Let f = -26 + a. Calculate the remainder when f is divided by 5.
4
Let u be (3 - 5)*12/8. Calculate the remainder when 19 is divided by ((-40)/(-4))/((-3)/u).
9
Suppose 3*y - 18 = 18. Let q(g) = 3959*g - 1. Let z be q(-1). What is the remainder when 4/26 - z/117 is divided by y?
10
Let d = 10 + -9. Let a be 6/8 - d/(-4). Suppose m + n - a = 15, -3 = -n. Calculate the remainder when 25 is divided by m.
12
Let b = 42 + -36. What is the remainder when 10 is divided by b?
4
Suppose -4*c = -3*i + 33, 0 = -2*i - 2*c - c + 39. Calculate the remainder when 58 is divided by i.
13
Let r = -8 + 14. Suppose 3*q - 20 = q. Calculate the remainder when q is divided by r.
4
Let j(d) = -d**2 + 8*d - 3. Let c(k) = 7*k - 6. What is the remainder when c(3) is divided by j(7)?
3
Let w = -2 + 9. Suppose -g + w = 2. Calculate the remainder when 12 is divided by g.
2
Let g(l) = -7*l + 19. What is the remainder when g(-4) is divided by 17?
13
Let c = 144 - 99. Suppose 5*o = 3*z + 2*z - c, -3*o - 19 = -z. Suppose 6 = 3*w + 21, -z*w = -a + 31. What is the remainder when 21 is divided by a?
10
Suppose 92 = 2*y + 24. Calculate the remainder when y is divided by 18 - -1 - (-1)/(-1).
16
Suppose -2*o + o = -4. Suppose -p - 45 = -o*p. What is the remainder when p is divided by 9?
6
Let v(s) = -s + 1. Let a(o) = o**3 - 4*o**2 - 4*o - 3. What is the remainder when v(-4) is divided by a(5)?
1
Let m be 4 - ((-1 - 1) + 2). Let t(z) = z**3 + 8*z**2 + 4. What is the remainder when 1*-14*(-2)/m is divided by t(-8)?
3
Let k(n) = n**3 - 14*n**2 + 15*n - 4. What is the remainder when 42 is divided by k(13)?
20
Calculate the remainder when 11*(-4 + -1)/(-5) is divided by 11/2 + 1/2.
5
Suppose -26 = -2*z - 2*u, -2*z - 6*u + 7*u = -20. Let i(p) = 2*p - 2. What is the remainder when z is divided by i(4)?
5
What is the remainder when (-18)/63 - 480/(-14) is divided by 9?
7
Let k(p) = p**2 + 25*p + 24. Calculate the remainder when k(-25) is divided by 7.
3
Let c(f) = 3*f. Let h be c(2). Calculate the remainder when 22 is divided by -18*(h/(-9))/1.
10
Let y be (0/2 - 1)*-2. Let n = y - 3. Let j(b) = -14*b - 1. Calculate the remainder when j(n) is divided by 7.
6
Suppose -13*a + 16*a = 255. Calculate the remainder when a is divided by 22.
19
Suppose -4*l - 3*p = -105, -3*l - 2*p + 133 = 2*l. Calculate the remainder when l is divided by 7.
6
Let y = -17 - -24. Let q = y + -5. Calculate the remainder when 3 is divided by q.
1
Suppose 260 = 4*z + 32. What is the remainder when z is divided by 20?
17
Let x be (-5 - -2) + -4 + -42. Let j